he remainder when q is divided by 20.
18
Let o(d) = -6*d - 38. Let v be o(-7). Suppose -p = -v*y - 44, y = 5*p - 3*y - 236. Calculate the remainder when p is divided by 25.
23
Let q = 35 + -32. Suppose -q*w - 12*w = -1455. What is the remainder when w is divided by 17?
12
Suppose -13*j - 1580 = -3*j. Let f = 340 + j. What is the remainder when f is divided by 23?
21
Suppose -45 - 30 = -15*z. Suppose -5*r = -4*u - 185, z*r + 4*u - 225 = -0*r. Calculate the remainder when r is divided by 18.
5
Let p = -1472 - 340. Let o = -1065 - p. Calculate the remainder when o is divided by 22.
21
Let f = 76 + -74. Let l = 34 + -31. Suppose 0*c + 3*b = l*c, -12 = -5*c - b. Calculate the remainder when c is divided by f.
0
Let n = -166 + 281. Suppose 4*y - 4*a - 112 = 0, 3*a - 6*a = -6*y + 153. Calculate the remainder when n is divided by y.
0
Let i(h) = -h**2 + 16*h - 37. Suppose p - 26 = -25. Suppose -x + 8 = -p. What is the remainder when x is divided by i(13)?
1
Let k = 886 - 869. Suppose -1047 = -k*w + 1384. Let v(z) = z**2 - 5*z. Calculate the remainder when w is divided by v(8).
23
Let n = 953 - -216. Suppose n - 3468 = -11*q. Calculate the remainder when q is divided by 14.
13
Let g be 7 + -21*136/(-24). Suppose z + 139 = 2*n, -38 - g = -2*n - 4*z. What is the remainder when 80 is divided by n?
8
Suppose 4*h - 68 = -4*a, 67 = 4*a + 2*h - 9. Let q(l) = l**3 + 19*l**2 + 45*l + 26. What is the remainder when q(-16) is divided by a?
11
Suppose -3*l = 2*s - 83, 4*l = 4*s - 41 - 95. What is the remainder when 5029 is divided by s?
34
Let c(n) = n**2 + 9*n - 16. Let f be c(-11). Suppose -7*h + f = -8. Suppose -h*v + 28 = -2*k, 24 + 4 = 2*v + k. Calculate the remainder when 22 is divided by v.
8
Let z = 7 - -83. Suppose 4*a - 53 = 3*d, -64 = 3*a - 5*d - z. What is the remainder when a is divided by 7?
3
Suppose 24*l - 1674 = -642. Let q = 608 - 394. Calculate the remainder when q is divided by l.
42
Let c = -46344 + 46363. Let j(z) = -6*z - 1. What is the remainder when j(-6) is divided by c?
16
Suppose i + 46 = -2*u, 2*i - u + 151 - 44 = 0. Let s = 37 - i. What is the remainder when s is divided by 31?
27
Let i(g) = -g**2 + 8*g - 5. Let s = -79 - -16. Calculate the remainder when ((-26)/10)/(4 + s/15) is divided by i(6).
6
Let q(r) = -173*r**2 - 420*r - 5. Calculate the remainder when q(-2) is divided by 72.
71
Let u = -222 - -404. Suppose -u*p + 183*p = 77. What is the remainder when p is divided by 10?
7
Suppose -78*f + 4320 + 4182 = 0. Suppose 0 = -4*t - 15 + 55. What is the remainder when f is divided by t?
9
Let t(s) = -s**3 + s**2 + s. Let z be t(0). Suppose u - 87 = -z*u. Let c(g) = -g. What is the remainder when u is divided by c(-15)?
12
Let f = -58 - -181. Suppose 4*o = -y + 3*y + 78, 4*o - 5*y = 87. Calculate the remainder when f is divided by o.
15
Let r(n) = -n**2 - 10*n + 13. Let f(j) = j**2 + 14*j - 55. What is the remainder when f(-25) is divided by r(-4)?
35
Suppose -162 - 354 = -4*t. Suppose -3*m + i = -84, 5*m - 4*i = -6*i + t. Calculate the remainder when 77 is divided by m.
23
Suppose 55*y - 54*y - 37 = -2*z, 2*z - 22 = 2*y. Calculate the remainder when z is divided by 6/4*(-26)/(-3).
3
Calculate the remainder when (2 - (-360)/(-50))/(1*2/(-100)) is divided by 84.
8
Let n = 35 - 0. Suppose 83 + 94 = 3*i. Suppose -q = -3*c + n, 0 = 5*c - 5*q + 14 - i. What is the remainder when 64 is divided by c?
12
Suppose 2*m = -m + 807. Let t(u) = 319*u + 13419. What is the remainder when m is divided by t(-42)?
17
Let f = -3445 - -3496. What is the remainder when 117 is divided by f?
15
Suppose 0 = 42*u - 1675 - 2987. What is the remainder when 4882 is divided by u?
109
Let u(z) = z**2 - 110*z + 2322. Calculate the remainder when u(89) is divided by 67.
51
Calculate the remainder when 316 is divided by (282/(-18) - 4)*-3.
21
Suppose -152 = -5*a - 102*t + 106*t, -a + 64 = 4*t. Calculate the remainder when 536 is divided by a.
32
Let t(a) = a**3 + 11*a**2 + 59*a + 533. Calculate the remainder when 96 is divided by t(-10).
10
Let m be 572*((-28)/8 - -4). Suppose 0 = -5*l + 19 + m. Suppose 0 = -5*r + 86 - l. What is the remainder when 17 is divided by r?
2
Suppose 4*a + 76 = 8*a. Let z(g) = -25*g + 29*g**2 - 10 - 2 + 28 + 30. What is the remainder when z(2) is divided by a?
17
Let v(h) = -h**3 - 3*h**2 + 6*h. Let w = 426 - 447. Calculate the remainder when 4*w/(-28) - -155 is divided by v(-5).
18
Suppose 1076*z - 1126*z + 3291 = 691. Calculate the remainder when 787 is divided by z.
7
Suppose 0 = -113*t + 236*t - 119*t - 576. What is the remainder when 1583 is divided by t?
143
Let h(i) = -i**3 - 7*i**2 + 2*i + 5. Let k be h(-7). What is the remainder when 106 is divided by k/((-36)/64) - -2?
16
Suppose 0 = 20*o - 12960 - 11984 + 9724. What is the remainder when o is divided by 47?
9
Let w be (1641*1 - 0)*116/174. What is the remainder when 50/200 - w/(-8) is divided by 23?
22
Suppose 0 = 4*l - l - 21. Let d be 1/(-5)*-2 - 894/(-15). Suppose 0 = -p - 3*p - 2*j + 56, -d = -4*p - 4*j. What is the remainder when p is divided by l?
6
Let s(y) = -y - 2. Let c = -4846 + 4868. Calculate the remainder when c is divided by s(-8).
4
Suppose 3*m = -5*x + 6*m + 225, -2*x + 5*m + 90 = 0. Let s = x + -63. Calculate the remainder when 37 is divided by 108/14 - s/63.
5
Suppose 56*g + 17*g - 714 = 22*g. Suppose -2*x - x + 117 = 0. Calculate the remainder when x is divided by g.
11
Let w(y) = -y**2 + 27*y + 5. Let b be w(27). Suppose 0 = -0*j - 4*j + 16. Suppose 4 = -j*p - 8, 5*a - 65 = b*p. What is the remainder when 66 is divided by a?
6
Let h(p) = 5*p**2 + 62*p + 542. Calculate the remainder when h(-48) is divided by 15.
11
Let y = 150 - 102. Let d(c) = 3*c**2 + 16*c + 146. Let v be d(-16). Suppose -v = -25*p - 33. Calculate the remainder when y is divided by p.
23
Let p(k) = 65*k**3 + k**2 + 3*k - 3. Let o be p(1). Suppose -6*l - o = -17*l. Suppose l*r - 77 = -17. Calculate the remainder when 15 is divided by r.
5
Let y = -4694 - -4748. Calculate the remainder when 1726 is divided by y.
52
Suppose 0 = 2*h - 3*h + 92. Let z = h + -42. Suppose 17194*v = 17199*v - 90. Calculate the remainder when z is divided by v.
14
Let d = -21796 + 21809. Calculate the remainder when 335 is divided by d.
10
Suppose 21*g - 3071 = 2675 + 4376. What is the remainder when g is divided by 477?
5
Let k = 203 - 115. Suppose 2*h + k = 6*h - 2*a, 0 = -3*a. Suppose 0 = -6*d + 2*d - 5*g + 47, 64 = 5*d + g. Calculate the remainder when h is divided by d.
9
Let p be 3 - 104/(-28) - (-2)/7. Suppose 4 = -p*d + 9*d. Suppose d*g - 79 - 125 = 0. What is the remainder when g is divided by 15?
12
Suppose -6*t = -17*t + 8*t + 1200. Suppose 2*a - 90 = -0*a. Calculate the remainder when t is divided by a.
40
Suppose -13*f = -8*f - 2*b - 266, 3*f + 3*b = 189. Calculate the remainder when 389 is divided by f.
53
Let x = -48 - -278. What is the remainder when x is divided by -1 + 2 - 4768/(-149)?
32
Let t = 35 - -286. Let p = t + -169. Calculate the remainder when p is divided by 53.
46
Let j = -2676 + 2818. What is the remainder when 851 is divided by j?
141
Suppose 24*d = -11820 - 5820. Let j = 802 + d. Let b = 33 + -16. Calculate the remainder when j is divided by b.
16
Let h(w) = 147*w - 8784. Calculate the remainder when 3913 is divided by h(73).
19
Suppose 5*u + 11*t - 360 = 10*t, 0 = -4*u + 5*t + 317. What is the remainder when 365 is divided by u?
0
Let s be 4/2 + 5 + -31. Suppose 0 = -5*m + 2*o + 134, 4*o - 137 = -5*m + 5*o. Let d = m + s. What is the remainder when 15 is divided by d?
3
Let o(b) = -22*b - 1. Let k be o(1). Let z = k - -40. Let n(a) = -a**2 - 85*a + 4231. What is the remainder when n(35) is divided by z?
14
Calculate the remainder when 342 is divided by (-8)/4 - 12/588*77*-7.
0
Suppose -4*v + 5*s = -74, -210*s = -5*v - 215*s + 25. Let i(y) = -y**3 + 2*y + 2. Calculate the remainder when v is divided by i(-2).
5
Let o be (-93 + 56/(-7))/(1/3). Let l = -288 - o. What is the remainder when 131 is divided by l?
11
Let p(y) = 2*y**3 + 49*y**2 - 30*y - 93. What is the remainder when 318 is divided by p(-25)?
30
Let n(l) = 2*l**2 - 7*l + 3. Let c be n(5). Let p = -1119 - -1122. Calculate the remainder when 102 is divided by p/(c/(-8))*(-7 + -32).
50
Let t(l) = -2*l + 7. Let k(a) = 1634*a